00. List the prime factors of q(-14).
2, 11
Suppose 296 = -g + 1114. What are the prime factors of g?
2, 409
Let t = 307 + -197. What are the prime factors of t?
2, 5, 11
Suppose 25*q - 12047 = 5128. List the prime factors of q.
3, 229
Suppose -1 = -2*t + 5. Let l(v) = -v + 10. Let h be l(t). What are the prime factors of (h/(-2))/(14/(-56))?
2, 7
Let s(d) = 17*d**3 - 6*d**2 + 5*d + 4. List the prime factors of s(4).
2, 127
Suppose -4*t - q + 6*q = -39, 0 = 3*t - 4*q - 30. Suppose t*m = 311 + 403. List the prime factors of m.
7, 17
Suppose -26*f = -17*f. Suppose -10 = -2*r + 6. Suppose 10*s - 12*s + r = f. What are the prime factors of s?
2
Suppose 1135*s + 1959 = 1138*s. What are the prime factors of s?
653
Suppose 28 = q + 1. Let p = 30 - q. Suppose 0 = -p*k, -r - 3*k + 20 = -k. List the prime factors of r.
2, 5
Let j(q) = -2*q**3 - 15*q**2 + 12*q + 3. Let a(m) = 3*m**3 + 31*m**2 - 24*m - 5. Let t(v) = 3*a(v) + 5*j(v). List the prime factors of t(17).
5, 17
Let m be (-255)/9 + (-14)/21. Let y = 47 + m. What are the prime factors of y?
2, 3
Suppose -11*i = -14*i - 51. Let m(c) = c**2 + c + 25. Let w be m(0). Let q = w + i. List the prime factors of q.
2
Suppose -16323 = -8*s + 16813. List the prime factors of s.
2, 19, 109
Suppose -2*q + 8946 = 2*j - 836, 4899 = j - 3*q. What are the prime factors of j?
3, 7, 233
Let s = 66 + 127. Let a = -141 + s. List the prime factors of a.
2, 13
Let m(u) be the second derivative of 2*u**3/3 - 3*u**2/2 + 131*u. Suppose 0 = 4*k - 2*k - 14. What are the prime factors of m(k)?
5
Let u = 1123 - -213. List the prime factors of u.
2, 167
Let s(d) = -d. Let b(j) = -3*j - 1. Let r(k) = -b(k) + 2*s(k). Let n be r(-6). List the prime factors of (0 + -35)*(n - -4).
5, 7
Suppose 8*f - 4*u = 6*f + 11980, -5*f = -u - 29977. What are the prime factors of f?
2, 1499
Let j = -21 - -24. Let v = j - -4. List the prime factors of 7/(v/(-4)) - -51.
47
Suppose 2*u = s + 38 + 9, 0 = -s - u - 50. Let q = s - -247. List the prime factors of q.
2, 3, 11
Let n(q) = 57*q**2 - 15*q - 23. List the prime factors of n(-5).
7, 211
Let f(n) = -5*n + 4. Let b(o) = -6*o + 4. Let t(g) = 2*b(g) - 3*f(g). Suppose -1 = -u - 4*z, -5*z + 4*z - 29 = -3*u. List the prime factors of t(u).
23
Suppose -3*g = 3*v - 1101, -3*g - 3*v = 2*g - 1827. List the prime factors of g.
3, 11
Suppose -6*c + 0*c = -0*c. Let q(n) be the first derivative of n**2/2 + 30*n + 1. List the prime factors of q(c).
2, 3, 5
List the prime factors of 573/(-8)*2*8/(-3).
2, 191
Suppose 2*v + 5*q = 2673, 5*q = v - 6*v + 6690. What are the prime factors of v?
13, 103
Let n(u) = 146*u**3 + 3*u**2 - 7*u - 5. What are the prime factors of n(2)?
3, 43
Let r = -22 - -26. Let n(q) = -q**3 - q**2 + 0*q**2 + 3*q**3 + 1 - 4 + r*q. What are the prime factors of n(2)?
17
Let g(k) = k**3 - 5*k**2 - 7*k + 9. Let l be g(6). Suppose 0 = -3*v, -2*c + 10 = -c + l*v. What are the prime factors of (-20)/c - (-1 + -17)?
2
Let p = 1560 + -186. List the prime factors of p.
2, 3, 229
Suppose -3928 = 2*o - 10*o. What are the prime factors of o?
491
Let p(k) = -k**3 + 15*k**2 - 13*k - 11. Let o be ((-21)/4)/(6/(-16)). Let n be p(o). Suppose -n*v + 42 = -15. List the prime factors of v.
19
Suppose 5*g + 14 = 3*g. Let o(n) = 97*n**2 - 46*n**2 + 5 - 52*n**2 - n - 8*n. What are the prime factors of o(g)?
19
Suppose 3*v = -3*d - 3399 + 15405, 3*v + 20042 = 5*d. List the prime factors of d.
2, 2003
Let d(g) = -5*g**2 + 4*g - 9. Let h(j) = 6*j**2 - 4*j + 10. Let u(q) = 7*d(q) + 6*h(q). Let b be 4/(-14) + (-120)/21. What are the prime factors of u(b)?
3
Let s(u) = -85*u - 6. Let t be s(-6). Suppose -t = -6*f + 3*f. Suppose -v + 3*a + 23 = -a, -4*v - 3*a + f = 0. What are the prime factors of v?
3, 13
Let n be (-38)/(-4) - (-9)/(-6). Let i be (n/1)/((-8)/(-32)). Suppose i = 2*o - 34. List the prime factors of o.
3, 11
Let o(c) be the third derivative of 7*c**5/12 + 5*c**3/6 + 9*c**2. What are the prime factors of o(-2)?
5, 29
Suppose 17 = -b - 3. Let h = b + 37. What are the prime factors of h?
17
Suppose 5*g = 18 + 12. Let d = -14 + g. Let u(l) = -4*l - 11. What are the prime factors of u(d)?
3, 7
Let x be 4/(1 - -3) - -3. Let g be 1756/28 + x/14. Suppose 0*h + g = 3*h. List the prime factors of h.
3, 7
Suppose -15 = h - 5*x, 3*h + h = 4*x - 12. Suppose c - 3*p - 107 = h, -c + 106 + 3 = -p. List the prime factors of c.
2, 5, 11
Let h = -2194 + 4911. List the prime factors of h.
11, 13, 19
Let h(v) = 13*v**3 + v**2 - 2*v + 1. Let q be h(1). Suppose 0 = -q*g + 9*g. Suppose g*t + 4*t + 4*a - 60 = 0, t = -2*a + 13. What are the prime factors of t?
17
Let w(p) = -10*p + 35. Let r(k) = -k - 23. Let m be r(-7). What are the prime factors of w(m)?
3, 5, 13
Suppose -z + 8 + 9 = -3*q, -3*z = -5*q - 31. Suppose z*s - 22 = 2*m - 82, 0 = 3*m + 5*s - 90. Let n = m - -13. List the prime factors of n.
43
Let b = -350 + 561. List the prime factors of b.
211
Let y(j) = -58*j**3 - 3*j**2 - 4*j - 3. Let p be y(-2). Let a = p - 321. List the prime factors of a.
2, 17
Suppose 6*n - 6909 = -2385. List the prime factors of n.
2, 13, 29
Let h = 24 + -21. Let f(s) = -3*s - s**2 - 4*s**2 - s**h - 3 + 0*s**2. What are the prime factors of f(-5)?
2, 3
Suppose 144 = 5*v - 2*q - 21, -5*v = -q - 160. Suppose -29*d = -v*d. Suppose d = 3*w + 2*c - 69, 3*w - 46 = w - 5*c. List the prime factors of w.
23
What are the prime factors of -7*(-13)/((-91)/(-1410)) - 2?
2, 11
Suppose 0 = -n - 2*n + 9. Suppose x + 5*l = 74, n*x = l - 4*l + 186. What are the prime factors of x?
59
Suppose 249 - 3219 = -5*z. List the prime factors of z.
2, 3, 11
Let u = -17 - -26. Suppose -37 + 352 = u*c. List the prime factors of c.
5, 7
Suppose h = 3*s - 145, 5*s - h = h + 242. Let v be (-4)/22 - s/(-22). Suppose v*w + 0*w = 8. What are the prime factors of w?
2
Let r be 60/45*(-18)/(-4). Let w(u) = 2*u**2 - 12*u + 19. List the prime factors of w(r).
19
Let q = -139 - -170. Let t = 52 - q. What are the prime factors of t?
3, 7
Suppose 22*j - 77*j = -10505. List the prime factors of j.
191
Suppose -4*y + 6*y + 4*k - 16 = 0, -4*y + k - 13 = 0. Let f = y + -3. Let a = 11 + f. What are the prime factors of a?
2, 3
List the prime factors of (42/4 + 4 + 6)*50.
5, 41
Suppose -o - 11*d = -16*d - 103, -5*d + 266 = 2*o. What are the prime factors of o?
3, 41
Let m(y) = y**2 - 5*y + 6. Let v be m(4). Let j be 35/2 + (-1)/v. Let z = j - 6. What are the prime factors of z?
11
Let k(v) = 94*v**3 + 2*v**2 - 3*v + 6. What are the prime factors of k(2)?
2, 5, 19
What are the prime factors of 1/3*(1090 + 11)?
367
List the prime factors of 3*190/30*(149 - 1).
2, 19, 37
What are the prime factors of (43330/(-560))/(1/(-16))?
2, 619
Let h(t) = -t + 2*t + t**2 + 2 + 13*t**2. Let p = 4 - 5. What are the prime factors of h(p)?
3, 5
Suppose -4*a - 11 = -4*x - 5*a, -3*x + 4 = 5*a. Let y be (x + -1)*6 + 0. Suppose -2*j + 3*d + 16 = 0, 36 = 2*j - 5*d + y. List the prime factors of j.
2
Suppose k = -3*k + 12. Suppose 0*v - 9 = -k*v. List the prime factors of (-176)/(-33) - (-2)/v.
2, 3
What are the prime factors of (1/(-1))/((-2)/590)?
5, 59
Let c = 2185 - 1309. What are the prime factors of c?
2, 3, 73
Suppose -z - 2*l = -282, 3*l = -0*l. List the prime factors of z.
2, 3, 47
Let t(l) = l**2 - 7*l - 3. Let j be t(7). Let u be (-4)/(j - (2 + -7)). Let k = u - -10. What are the prime factors of k?
2
What are the prime factors of ((-880)/(-3))/5*750/25?
2, 5, 11
Suppose 0 = 11*o - 19*o - 5968. Let v = -455 - o. List the prime factors of v.
3, 97
Suppose w = 5*s - 15, 2*w - 2*s = -2*w - 114. List the prime factors of (-1308)/w + 9/(-15).
43
Let o(m) = 619*m**2 + 2*m - 1. What are the prime factors of o(1)?
2, 5, 31
Suppose -5*q + 26 = 3*y, -3*y + 2 = 2*y - 2*q. List the prime factors of -110*(-2)/y + 2 + -1.
3, 37
Let k = -1 - 2. Let r be 2*(33/6 + k). Suppose r*v - 197 + 27 = 0. What are the prime factors of v?
2, 17
Let u(r) = -20*r**3 + 4*r**2 + 3*r. Let f(v) = 21*v**3 - 3*v**2 - 2*v. Let k(l) = -3*f(l) - 2*u(l). Let m be (3/9)/(2/(-6)). List the prime factors of k(m).
2, 3
Let w(k) be the first derivative of k**3/3 + 3*k**2/2 + 27*k + 10. List the prime factors of w(0).
3
Suppose z + 3*l - 4*l = -1, 0 = z + 4*l - 4. Suppose -2*a - 41 + 91 = z. List the prime factors of a.
5
Let y(f) = 12*f**2 - 2*